ors of 97824841?
97824841
List the prime factors of 601886505.
3, 5, 11, 3647797
List the prime factors of 648485642.
2, 7, 383, 120941
What are the prime factors of 59509484?
2, 823, 18077
List the prime factors of 3982840322.
2, 347, 467, 12289
List the prime factors of 225085647.
3, 19, 53, 74507
List the prime factors of 74377956.
2, 3, 113, 54851
What are the prime factors of 3558319702?
2, 7, 691, 367823
List the prime factors of 1953331446.
2, 3, 11, 29595931
List the prime factors of 2160546924.
2, 3, 19, 191, 49613
What are the prime factors of 139626081?
3, 7, 2216287
What are the prime factors of 128638290?
2, 3, 5, 11, 59, 6607
List the prime factors of 1368152777.
1368152777
What are the prime factors of 11558613?
3, 11, 227, 1543
What are the prime factors of 1201434148?
2, 300358537
List the prime factors of 8653763.
8653763
List the prime factors of 850046392.
2, 13, 8173523
What are the prime factors of 192392558?
2, 96196279
What are the prime factors of 1147811650?
2, 5, 22956233
List the prime factors of 177657240.
2, 3, 5, 967, 1531
What are the prime factors of 353184307?
7, 89, 109, 743
What are the prime factors of 967968090?
2, 3, 5, 29, 181, 683
What are the prime factors of 41802253?
29, 433, 3329
List the prime factors of 282208903.
31, 137, 66449
What are the prime factors of 2601786?
2, 3, 11, 79, 499
What are the prime factors of 287013765?
3, 5, 19134251
List the prime factors of 1666127370.
2, 3, 5, 113, 491483
List the prime factors of 1953101436.
2, 3, 11, 13, 1138171
List the prime factors of 3361065276.
2, 3, 280088773
List the prime factors of 243624455.
5, 43, 307, 3691
What are the prime factors of 60550448?
2, 7, 540629
List the prime factors of 60554814.
2, 3, 23, 73, 6011
List the prime factors of 986465449.
29921, 32969
List the prime factors of 4681522616.
2, 557, 1050611
List the prime factors of 593419.
17, 67, 521
List the prime factors of 106113516.
2, 3, 8842793
What are the prime factors of 22645051?
11, 13, 158357
List the prime factors of 18069233.
7, 13, 29, 41, 167
What are the prime factors of 7779296221?
107, 72703703
What are the prime factors of 1828913179?
1828913179
What are the prime factors of 2959532713?
2959532713
List the prime factors of 82238413.
67, 1093, 1123
What are the prime factors of 844309210?
2, 5, 67, 1260163
What are the prime factors of 24725523?
3, 191, 43151
List the prime factors of 3853590168.
2, 3, 43, 1307, 2857
What are the prime factors of 4271777543?
11, 19, 1609, 12703
What are the prime factors of 623673946?
2, 7, 44548139
List the prime factors of 187321560.
2, 3, 5, 1561013
What are the prime factors of 225016265?
5, 59, 199, 3833
List the prime factors of 1971931374.
2, 3, 7, 2339, 6691
What are the prime factors of 122732790?
2, 3, 5, 149, 27457
List the prime factors of 21960859.
29, 757271
What are the prime factors of 32145856?
2, 149, 3371
List the prime factors of 1870445485.
5, 17, 22005241
What are the prime factors of 280028125?
5, 13, 61, 113
What are the prime factors of 93455983?
2963, 31541
What are the prime factors of 16018471?
7, 17, 134609
List the prime factors of 18499709.
29, 127, 5023
List the prime factors of 540084692.
2, 7, 19288739
What are the prime factors of 45650596?
2, 53, 349, 617
List the prime factors of 122923221.
3, 4621, 8867
What are the prime factors of 86328436?
2, 109, 389, 509
What are the prime factors of 12453862?
2, 6226931
List the prime factors of 915159009.
3, 305053003
What are the prime factors of 2594137146?
2, 3, 19, 223, 102043
List the prime factors of 563877754.
2, 11, 25630807
List the prime factors of 6126438448.
2, 13, 41, 718391
List the prime factors of 3362937204.
2, 3, 11, 25476797
What are the prime factors of 642928695?
3, 5, 17, 29, 227, 383
What are the prime factors of 65801900?
2, 5, 17, 38707
List the prime factors of 269805966.
2, 3, 19, 29, 81611
What are the prime factors of 3380407669?
3380407669
List the prime factors of 66434338.
2, 33217169
What are the prime factors of 528865955?
5, 105773191
What are the prime factors of 1028339626?
2, 31, 16586123
What are the prime factors of 280385349?
3, 439, 212897
List the prime factors of 2997224656.
2, 73, 113, 22709
What are the prime factors of 569269089?
3, 17, 19, 31, 6317
What are the prime factors of 43686448?
2, 13, 210031
What are the prime factors of 3014094047?
53, 103, 283, 1951
What are the prime factors of 160082953?
5281, 30313
What are the prime factors of 145141413?
3, 3719, 13009
What are the prime factors of 41971641?
3, 13990547
List the prime factors of 25414636.
2, 13, 488743
What are the prime factors of 6395413806?
2, 3, 1789, 22067
What are the prime factors of 3364697605?
5, 113, 577, 10321
What are the prime factors of 234072311?
11, 23, 29, 61, 523
What are the prime factors of 676874126?
2, 19, 163, 109279
List the prime factors of 122612713.
122612713
List the prime factors of 22204741.
13, 83, 1583
List the prime factors of 779394486.
2, 3, 13, 9992237
What are the prime factors of 682988808?
2, 3, 257, 110731
What are the prime factors of 4179618?
2, 3, 89, 2609
List the prime factors of 74316629.
541, 137369
What are the prime factors of 342145367?
43, 191, 41659
List the prime factors of 147311396.
2, 36827849
List the prime factors of 21551339.
19, 59699
What are the prime factors of 49267630?
2, 5, 241, 20443
What are the prime factors of 5038735891?
7, 719819413
List the prime factors of 107184027.
3, 241, 148249
What are the prime factors of 21524074?
2, 11, 13, 17, 19, 233
List the prime factors of 203500512.
2, 3, 78511
What are the prime factors of 38671159?
41, 943199
List the prime factors of 3706022227.
3706022227
What are the prime factors of 264647985?
3, 5, 7, 2520457
What are the prime factors of 2309145825?
3, 5, 7, 31, 20269
What are the prime factors of 107094453?
3, 2753, 12967
What are the prime factors of 45033684?
2, 3, 3752807
List the prime factors of 323567505.
3, 5, 47, 59, 2593
What are the prime factors of 1419595986?
2, 3, 809, 292459
What are the prime factors of 2076528407?
2076528407
What are the prime factors of 1579479238?
2, 789739619
List the prime factors of 19413757.
11, 1764887
What are the prime factors of 958519670?
2, 5, 17, 5638351
What are the prime factors of 2574163901?
40609, 63389
What are the prime factors of 6002116167?
3, 29, 61, 1130981
List the prime factors of 962680756.
2, 240670189
List the prime factors of 538040651.
19, 1619, 17491
What are the prime factors of 244600281?
3, 19, 1051, 1361
What are the prime factors of 1051110663?
3, 17, 20610013
What are the prime factors of 2615473417?
2615473417
List the prime factors of 226729754.
2, 41, 113, 24469
List the prime factors of 14086402.
2, 11, 29, 22079
List the prime factors of 308879017.
308879017
List the prime factors of 664410297.
3, 19, 11656321
What are the prime factors of 1192709025?
3, 5, 89, 59561
List the prime factors of 63603221.
11, 73, 103, 769
What are the prime factors of 53064986?
2, 13, 19, 8263
List the prime factors of 1720840722.
2, 3, 97, 373, 7927
List the prime factors of 2802184461.
3, 23, 13537123
What are the prime factors of 1219267735?
5, 7, 29, 71, 2417
List the prime factors of 1004642377.
139, 1187, 6089
What are the prime factors of 19603476?
2, 3, 191, 2851
List the prime factors of 191145011.
151, 1265861
What are the prime factors of 32730730?
2, 5, 19, 31, 5557
List the prime factors of 37188887.
4793, 7759
List the prime factors of 312276353.
312276353
List the prime factors of 17156809.
181, 94789
What are the prime factors of 3799183600?
2, 5, 9497959
List the prime factors of 108771873.
3, 7, 5179613
List the prime factors of 200699625.
3, 5, 7, 101, 757
What are the prime factors of 299883846?
2, 3, 199, 251159
List the prime factors of 256689855.
3, 5, 167, 34157
What are the prime factors of 104953308?
2, 3, 17, 127, 4051
What are the prime factors of 4706000727?
3, 1619, 968911
List the prime factors of 7176069.
3, 23, 34667
List the prime factors of 256290027.
3, 7, 181, 67427
List the prime factors of 44034169.
44034169
List the prime factors of 2176098301.
13, 167392177
What are the prime factors of 196330639?
196330639
What are the prime fa